*t + t, -2*f - t + 20 = 0. Suppose -7*p = -f - 76. What are the prime factors of p?
2, 3
Let s be (-36)/(-10) - (-6)/(-10). Suppose -s*f - 126 = -6*f. What are the prime factors of f?
2, 3, 7
Let w(g) = g - 3. Let i be w(0). Let t(a) = a**2 - a. Let b(m) = -7*m**2 + 5*m - 1. Let j(d) = -b(d) - 3*t(d). What are the prime factors of j(i)?
43
Let o(c) be the first derivative of -c**2/2 - 6*c - 1. Let b be o(-10). Suppose 0 = -b*r, -r + 155 = 5*f + 2*r. What are the prime factors of f?
31
Suppose 7*j - 2051 = 21. List the prime factors of j.
2, 37
Let y be (-87)/(-2)*8/12. Let j(i) = i**3 + 14*i**2 + 7*i - 11. Let m be j(-13). Let c = m - y. What are the prime factors of c?
2, 19
Suppose 3 + 5 = 4*d. Suppose -5*c + 11 = -9. Suppose -4*v + d*w + 122 = 0, 0 = w + c*w + 25. What are the prime factors of v?
2, 7
What are the prime factors of (-4)/((-64)/(-388))*-26*2?
13, 97
Suppose 8 + 20 = -t + 4*r, r + 61 = -4*t. Let f(z) = z**3 + 18*z**2 + 20*z + 4. Let m be f(t). What are the prime factors of (-1)/((-4)/m) + -1?
2, 3
Suppose 5*n - 2133 = 3877. What are the prime factors of n?
2, 601
Let f(s) = 30*s**2 + 1. Let l(b) be the second derivative of -b**4/12 - 5*b**3/3 - b**2/2 + 7*b. Let i be l(-10). List the prime factors of f(i).
31
Suppose -4*y - 789 = -5*f, -y + 729 - 102 = 4*f. What are the prime factors of f?
157
Let v(z) be the first derivative of -1 - 9/2*z**2 + 1/3*z**3 + 10*z. List the prime factors of v(8).
2
Suppose -1542 = -4*f - c, -f - c - 270 = -657. Let w be 2/(-9) - 220/(-18). Suppose w*h - f = 5*h. What are the prime factors of h?
5, 11
Suppose 18*s = 36584 + 2404. What are the prime factors of s?
2, 3, 19
Let p(v) = v**2 + 11*v - 7. Let b = -26 + 14. Let x be p(b). Suppose -186 + 21 = -x*j. List the prime factors of j.
3, 11
Let j be 2 - (-7)/(35/(-225)). Let i = j + 90. List the prime factors of i.
47
Let f(h) = h + 19. Let n be f(0). Suppose -21 - n = 2*c. Let g = 1 - c. What are the prime factors of g?
3, 7
Let c(x) be the second derivative of -x**5 - x**3/6 - x**2/2 - x. Suppose 0 = v - 13*v - 12. List the prime factors of c(v).
2, 5
Suppose 35*b - 244 = 33*b + 2*c, -241 = -2*b + c. What are the prime factors of b?
7, 17
Let p = -2396 + -360. Let y be p/6 + 6/(-9). List the prime factors of (-2)/9 - y/45.
2, 5
Let f = 609 + -1219. Let y = -426 - f. List the prime factors of y.
2, 23
Suppose -9 = -3*s, -3*r - 4*s + 32 = -r. Let w(i) = 5*i + 32. Let v(a) = -2*a - 15. Let h(n) = 13*v(n) + 6*w(n). List the prime factors of h(r).
37
Let t = 75 + -25. Suppose -f + c = -20, -3*f - 5*c = -2*f - t. List the prime factors of f.
5
Let j(k) = -k**2. Let u(r) = -2*r**2 - 7*r + 8. Let h be (14/21)/((-2)/(-3)). Let y(s) = h*u(s) - 3*j(s). List the prime factors of y(9).
2, 13
Let h be (-69)/9 + 2/3. Let i be h + 5 + (35 - -1). Suppose 2*n - i - 10 = 0. List the prime factors of n.
2, 11
Let y be -1*(-7 + 4) + 0. Suppose -y*t + 5*t - 6 = 0. Suppose -t*m = -2*w - 137, -m = -3*m - 2*w + 98. List the prime factors of m.
47
Let n(a) = -8*a**3 - 2*a**2 - 2*a - 1. Let f be n(-2). Suppose 31 + 10 = w. Let v = f - w. What are the prime factors of v?
2, 3
Suppose -4*l = 19 - 27. Suppose -l*m - 5*m = -189. What are the prime factors of m?
3
Suppose -4 + 7 = -3*n. List the prime factors of (-3)/n + (10/2 - -100).
2, 3
Let z(u) be the third derivative of u**4/24 + 5*u**3/3 + 3*u**2. What are the prime factors of z(9)?
19
Let t = 4 - -5. Let p = 13 - t. Suppose p*h + 1 + 124 = 5*y, -74 = -4*y - 2*h. What are the prime factors of y?
3, 7
Let c(v) = -v**2 + v + 4. Let j be c(0). Suppose j - 7 = -w + t, 0 = 2*w + 3*t - 11. What are the prime factors of w?
2
Suppose -a - 3*h = 5, 5*h - 2*h = -4*a - 29. Let l(s) = 6*s**2 + 2*s - 1. Let r be l(1). What are the prime factors of a/28 + 156/r?
2, 11
Let m be -2 + 4 + -3 + (-20)/(-2). Let z(r) = 2*r + 16. What are the prime factors of z(m)?
2, 17
Suppose 3*k = -4*u + 563, -4*u = 4*k - 281 - 471. What are the prime factors of k?
3, 7
Let z(n) = 393*n - 541. What are the prime factors of z(7)?
2, 5, 13, 17
Let b(y) = -7*y**2 - 9*y - 17. Let l(j) = 3*j**2 + 5*j + 8. Let o(t) = 4*b(t) + 9*l(t). Let w be o(8). List the prime factors of (-40)/6*w/(-8).
2, 5
Suppose -f + 0*p + p + 322 = 0, -5*f = p - 1586. Suppose -f - 222 = -5*k. List the prime factors of k.
2, 3
Suppose 216*f + 15032 = 220*f - o, -4*f + 15020 = -4*o. List the prime factors of f.
3, 7, 179
Let n be (-1)/(-1) + ((-6)/3 - -4). List the prime factors of 0 + n + 100 - (-1 - 3).
107
Let c(r) = -10*r - 2. What are the prime factors of c(-38)?
2, 3, 7
List the prime factors of 1878/12 - (-3)/(-2).
5, 31
Suppose t + 2 = 2*q, 2*t + 47 - 19 = -2*q. Let r be -1 - 0 - 18 - -1. Let s = t - r. List the prime factors of s.
2
Let b = -107 + 3768. What are the prime factors of b?
7, 523
Let k(i) = 517*i + 350. What are the prime factors of k(4)?
2, 3, 13, 31
Let z(m) = m + 13. Suppose 2 = b, 2*x + 2*x - 2*b + 32 = 0. Let v be z(x). Let q(p) = -p**3 + 5*p**2 + 9*p - 2. What are the prime factors of q(v)?
2
Let a = 105 - 102. Suppose -h = -4*r - 235, 4*h = 2*r + a*r + 907. List the prime factors of h.
223
List the prime factors of 4804 - (-5)/(-2)*44/(-110).
5, 31
Suppose -5 = -2*l + 5. Suppose -l*r + 318 = -5*d + 73, 0 = 4*r - 3*d - 192. What are the prime factors of r?
3, 5
Suppose u + 260 = 3*u. Let f be (-2 + -1)/((-15)/u). Let w = 88 - f. What are the prime factors of w?
2, 31
Let a(k) = -2*k + 22. Let o be a(11). Suppose o = -0*n + 2*n - 6. Suppose n*s - 29 - 115 = 0. List the prime factors of s.
2, 3
Suppose -5*o + 16 = -4*v, 2*v - 10 = 2*o - 4*o. List the prime factors of (-2)/o - 17/(-2).
2
Let v(z) = 7*z + 43. Let t be v(-6). What are the prime factors of -117*(t/(-4) + 15/(-36))?
2, 3, 13
Let r(k) = -14 - 18*k - 7*k + 19*k. List the prime factors of r(-8).
2, 17
Suppose 0 = -d + 3*d + k - 7, d = -k + 4. Suppose -v + 53 = 4. Suppose d*m = v - 7. What are the prime factors of m?
2, 7
Let j(w) = 7*w**2 - 8*w + 25. Let m be j(6). Suppose 2*z = z - q + 64, 5*q = 4*z - m. List the prime factors of z.
61
Let d = 497 + 119. List the prime factors of d.
2, 7, 11
Let l(o) = -o**2 - 2*o + 4. Let t be l(-6). Let s(d) = d**2 - 8*d + 3. Let f be s(8). List the prime factors of -1*f - (t + 5).
2, 3
Let i(u) = 50*u + 171. List the prime factors of i(10).
11, 61
What are the prime factors of (-5)/(-2)*(-3 - (-2418)/10)?
3, 199
Suppose 4*x - 16 - 8 = 0. Suppose -x*u = -7*u + 3. Suppose -l - u*y + 15 = -6*y, 3*y = -2*l + 57. List the prime factors of l.
2, 3
Let x(t) be the first derivative of -t**3/3 + t**2/2 + 2*t + 3. Let c be x(0). Suppose -4*y = -c*y - 8. What are the prime factors of y?
2
Let o be (-42)/(-9) - (-2)/(-3). Suppose -o*x + 5*n + 3 - 8 = 0, 5*n + 40 = -5*x. List the prime factors of (x - -2) + 20 + -2.
3, 5
Let p be 25 + (2/1 - 0) - 3. List the prime factors of (-16)/p*(-99)/4*10.
3, 5, 11
Let o be (-32)/(-6)*(-63)/(-28). Suppose 0 = 3*q + q - o. Suppose -3*a + 2*a = -q. What are the prime factors of a?
3
Suppose -494*y = -500*y + 6222. What are the prime factors of y?
17, 61
Let p be (-2 - -56)*(-12 + 5 - -6). What are the prime factors of 8/36 - 0 - 6144/p?
2, 3, 19
Let h = 2 - -13. Suppose -y = y + 3*g - h, -19 = -4*y + 5*g. Suppose u - y*u + 90 = 0. List the prime factors of u.
2, 3
Let o(n) be the third derivative of -n**6/120 + 13*n**5/60 + 5*n**4/12 + n**3/2 + 5*n**2. Let p be o(14). Let f = -18 - p. What are the prime factors of f?
5, 7
Let m = 742 + -295. List the prime factors of m.
3, 149
Suppose 4*k = 7820 + 8752. What are the prime factors of k?
3, 1381
Let c(z) be the second derivative of 25*z**4/4 - 5*z**3/6 + 2*z**2 + 8*z. What are the prime factors of c(1)?
2, 37
Suppose -5*i + 13453 = -3*u, 0 = -i + 4*u + 1860 + 834. List the prime factors of i.
2, 5, 269
Let v(m) = -2*m**2 - 17*m - 16. Let g be v(-7). Let w(t) = -4 + 0*t - 2*t + 21 + 5*t + t**2. What are the prime factors of w(g)?
3, 19
Let l = -22 - -58. Suppose -37*f + l*f = -12. List the prime factors of f.
2, 3
Suppose -13*t + 21*t - 4976 = 0. What are the prime factors of t?
2, 311
What are the prime factors of -3 - 0 - (-1409 - -12)?
2, 17, 41
Suppose 0 = s + 2*s. Let d(f) = -f + 5. Let c be d(s). Suppose 4*v - 172 = -3*z, 0*v - 4*v = -c*z + 276. List the prime factors of z.
2, 7
Let m